(4). Let s(j) = -j**2 - 4*j + 2. What is the units digit of s(n)?
2
Let y(l) = l**3 - 10*l**2 - 8*l - 10. Let h be y(11). Let w(t) = -t**3 + 5*t**2 + 8*t - 7. Let f be w(6). Suppose -7 - h = -f*m. What is the units digit of m?
6
Let h = 112 - 58. What is the units digit of h?
4
Suppose -20 = -5*c + 4*b, 3*c - 3*b + 7*b + 20 = 0. Suppose -3*i = -c*i - 72. What is the units digit of i?
4
Suppose 11*b = 3*b + 144. What is the units digit of b?
8
What is the units digit of (5 + -8)/((-3)/47)?
7
Let i = -205 + 421. What is the tens digit of i?
1
Let g(o) = o - 3*o + 0*o + 3*o + 3. Let a be 5 + -6 + -1 + 2. What is the units digit of g(a)?
3
Let j(w) = 3*w**3 - 2*w**2 - 2*w - 1. Let h be j(-1). Let y be h/22 - (-4)/22. Suppose -3*o + m + 8 = y, 10 = 4*o + 4*m + 26. What is the units digit of o?
1
Let k(i) = i**3 + 10*i**2 - 10*i + 15. Let g be k(-11). What is the units digit of g*(9/(-3) - -7)?
6
Let u(p) = p - 4. Suppose -3*t = -1 - 8, -29 = -5*y - 3*t. Suppose -y*m = -3*m - 6. What is the units digit of u(m)?
2
Let x = 6 - 6. Let l = x - -4. Suppose -2*y + l = 2*w, -4*w - 2*y + 10 = -0*y. What is the units digit of w?
3
Let c(b) = b**2 - 2*b + 4. Let v be c(5). Suppose -g - v = 2*x, 46 = -5*x + 2*g - 3*g. What is the units digit of 27*(-1 + (-12)/x)?
9
Suppose 0*c = -4*c. Suppose 0 = 4*f - c*b + 3*b + 91, 90 = -5*f + b. Let v = f + 27. What is the units digit of v?
8
Let w = 29 - 20. What is the units digit of w?
9
Suppose 19 = 5*q - 0*q + a, 3*q - 5*a = 17. What is the units digit of q?
4
Suppose -4*n + 250 = -310. What is the hundreds digit of n?
1
Suppose -3*q + 8 = q. Suppose 0 = 3*j + 6*w - w - 36, 2*w = q*j - 24. What is the tens digit of j?
1
Suppose -3*w + s = -0*s - 17, -s - 25 = -5*w. Suppose -3*u = w*r - 4 + 3, 2*u = 4*r + 34. What is the units digit of u?
7
Let i(w) = -2*w**3 - 4*w**2 - 3*w. What is the units digit of i(-2)?
6
Let b = 2 + -4. Let q = 7 - b. What is the units digit of q?
9
Let r(p) = -p**3 + 5*p - 4. Let y be r(3). Let n be 0 + (-5)/(5/4). Let b = n - y. What is the units digit of b?
2
Suppose -3*s + 2*n = -23, n - 8 = 3*n. Suppose 32 = 3*r + 2*i, 2*i = -s*r + 48 - 0. What is the units digit of r?
8
Let g = -6 - 0. Let t = 2 - g. Suppose 4*m = 3*k + 50 - t, k + 10 = m. What is the units digit of m?
2
What is the tens digit of (0 - 2/(-3))/(22/825)?
2
Suppose 0 = 4*w - 2*p - 294, 4*p + 0 = 4. What is the units digit of w?
4
Let w(v) = -v**2 + 12*v + 2. Let z = 14 - 4. What is the units digit of w(z)?
2
Let d(c) = -c**3 + 6*c**2 - 5. Let v be d(6). Let n = -2 - v. Suppose -n*u + 8 = u. What is the units digit of u?
2
Let p(b) = b**2 - 6*b + 6. Let o be p(6). Suppose 3 = -3*s - 4*w + 17, -4*s = -4*w. Suppose -x - 36 = -5*g, -23 = 3*g - o*g + s*x. What is the units digit of g?
7
Let s(a) = -a**3 + 6*a**2 - 3*a. Let b(i) = -6*i - 1. Let z be b(-1). Let t be s(z). Let g = t + -2. What is the units digit of g?
8
Let p(f) = -103*f - 12. What is the units digit of p(-2)?
4
Suppose 4*y = 16, -3*y + 122 = 11*q - 9*q. What is the units digit of q?
5
Let m = 46 - 13. Suppose -g + m = -5. What is the units digit of g?
8
Suppose 5*j - 5*c = j + 1139, -2*j + 3*c + 569 = 0. What is the hundreds digit of j?
2
Let k(n) = -4*n + 3*n + 0 - 1 - 2*n. Let j be k(-3). Suppose -g - j = -a, a - 2*g - 1 = 3. What is the units digit of a?
2
Suppose 3*n + 6*n - 3024 = 0. What is the tens digit of n?
3
Suppose 103 = 2*a + 3*o, -a - 16 = 4*o - 75. What is the tens digit of a?
4
Let h be (-1)/(0 - 2/50). Let x be (5/h)/(1/5). Suppose 21 - x = 5*n. What is the units digit of n?
4
Let h(x) = 6*x**2 + 8*x + 1. Let q(s) = s**2 - 1. Let m(p) = -h(p) + 5*q(p). Let w be m(-6). What is the units digit of (-3)/(w/(-16))*1?
8
Suppose 0 = -6*l + 5*l - 9. Let v(w) = w**2 + 8*w - 5. Let d be v(l). Suppose d*q + 4*g = 24, -5*q + 2*g = -0*q - 9. What is the units digit of q?
3
Let f(w) = 18*w - 8. What is the tens digit of f(6)?
0
Let n = 114 + 161. What is the units digit of n?
5
Let j(d) = d**3 - 7*d**2 + 7*d. Let x be j(6). Suppose x = k - 3. What is the units digit of k?
9
Suppose 0 = 3*i - 4*h + h, 0 = i + 4*h - 20. Suppose y + 10 + 21 = i*u, 3*u - 37 = -2*y. What is the units digit of u?
9
Suppose 0 = -5*t - 9 + 139. What is the units digit of t?
6
Suppose 2*o - 1 = -3*c + 11, -5*o - 4*c = -23. Suppose -a + 27 + 6 = q, 0 = o*q + 6. What is the tens digit of a?
3
Let w = -53 + 90. What is the tens digit of w?
3
Suppose -4*p + 3*p + 26 = i, 0 = -p + i + 26. What is the tens digit of p?
2
Suppose -4*z + 68 = -2*x, -x - 17 = -z + 2*x. What is the units digit of z?
7
Suppose -3*g + i = -41 + 1, 0 = -2*g - i + 25. Suppose 5 = 4*c + g. What is the units digit of -2 + 0 + (c - -5)?
1
What is the units digit of (5/(-4))/((-4)/32)?
0
Let k be 7/(-2)*(4 + -2). Let z = -5 - k. What is the units digit of z?
2
Let n(y) = y - 5. Let p be n(4). Let z(m) be the first derivative of -7*m**4/2 - m**3/3 - m**2/2 - m + 4. What is the tens digit of z(p)?
1
What is the units digit of (16/(-12))/(2/(-54))?
6
Let m(p) be the third derivative of p**4/24 - p**3/3 + 3*p**2. Let s be m(2). Suppose s = 2*n - 5*u - 12, -5*n + 10*u = 5*u - 15. What is the units digit of n?
1
Suppose 0 = 3*x + 10 - 166. Let r = 77 - x. What is the tens digit of r?
2
Suppose 2*f + 5 = 103. What is the tens digit of f?
4
Let k(f) = -f**2 - 7*f - 1. Let a be k(-5). Suppose -4*h + 0*h - 4*c = 36, h - 3*c = -a. Let w = h - -17. What is the units digit of w?
8
Let z be (1 - 5/1)/(-2). Suppose 2 = 2*d - z. What is the units digit of d?
2
Suppose 4*l - 190 = -2*c, 0 = 3*c + l - 20 - 275. What is the tens digit of c?
9
What is the tens digit of (5 - -9)/((-6)/(-9))?
2
Suppose -3*u = -4*m - 18, -2*m + 4*u = -5*m - 1. Let w be (2/m)/(10/(-45)). Suppose 3 - 66 = -w*l. What is the tens digit of l?
2
Let w(h) = -2*h**2 - 11*h + 11. Let c be w(-9). Let f = -37 - c. Suppose -3*y = 2*y - f. What is the units digit of y?
3
Suppose 4*i - 7*i + 117 = 0. Suppose -2*l + 0*l + 110 = 0. Let g = l - i. What is the units digit of g?
6
Suppose 6*o = 2*o + 220. What is the units digit of o?
5
What is the units digit of 9 + -2 + 0/(-6)?
7
Let w be (-26 - 0)/((-1)/((-5)/(-10))). Let y = 9 - 17. Let v = w + y. What is the units digit of v?
5
Let d(l) = -2*l**3 + 15*l**2 - 2*l. What is the tens digit of d(7)?
3
Let a(m) = -5*m**2 - 2*m + 1. Let p be a(2). Let z = p + 39. What is the tens digit of z?
1
Let l(k) be the third derivative of k**6/120 - k**5/30 - k**4/6 + 3*k**2. What is the tens digit of l(4)?
1
Let s(q) = -q + 2. Let u be s(6). Let i(p) = 2*p**2 + 5*p. Let a be i(u). Suppose 4*n - a = 8. What is the units digit of n?
5
What is the units digit of (0 + 2)/2 + (178 - 1)?
8
What is the units digit of (-5)/5*-67 - -1?
8
Suppose -2116 + 4 = -8*y. What is the hundreds digit of y?
2
Suppose 5*i = 3 + 12. Let v(p) = -i*p**3 + 4*p - 2*p + 2*p**3 - 1 + 3*p**2. What is the units digit of v(2)?
7
Let s = -1 - -1. Let t(g) = -2*g**2 - g**2 + 7 + 4*g**2 + 0*g**2. What is the units digit of t(s)?
7
Let d(r) be the second derivative of r**5/20 + r**4/2 - r**2/2 + 2*r. Let t be d(-6). Let w = 10 + t. What is the units digit of w?
9
What is the tens digit of -5 - (-35)/5 - 11*-3?
3
Let f(g) = g**3 - 3*g + 1. Let j be f(2). Let m be (-2)/(-3) - 47/j. What is the units digit of (-10)/m + 13/3?
5
Let w = -33 - -47. Suppose -6*q - 5*n + w = -3*q, 4*q - 4*n = 8. Suppose -2*v = t - 19, -5*v - q*t = -5*t - 52. What is the tens digit of v?
1
Let r be 2/(-3) - 5/(-3). Let y = 1 + r. What is the units digit of y?
2
Suppose -2*j + 190 = 5*z - 43, 4*j + 4*z - 496 = 0. What is the units digit of j?
9
Let v(i) be the second derivative of -i**7/2520 + i**6/90 + i**5/40 + i**4/4 + 3*i. Let f(w) be the third derivative of v(w). What is the units digit of f(8)?
3
Suppose -14 = 4*q - a, 4*q - 4*a + 5 = -3. Let k = 5 + q. What is the units digit of (-3 - 12)*k/(-3)?
5
What is the tens digit of (3/2)/(21/168)?
1
Let y(h) = h + 18. Let d be y(-14). What is the tens digit of (-2)/2 - -45 - d?
4
Suppose 4*s = 5*s + 10. What is the units digit of (-47 + s)*(-1)/3?
9
Suppose -s - s = 5*n + 40, -4*n - 19 = -s. Let a = -3 - n. What is the units digit of a?
3
Let p(u) = -u**3 + 3*u - 4. Let n(l) = l**3 + l - 1. Let s(z) = 4*n(z) - p(z). What is the units digit of s(1)?
6
